16). Suppose -3*t - 46 = -43. Let p be t + 35 + (0 - (2 - 0)). What is the greatest common divisor of y and p?
8
Suppose -345 = -2*g + 5*y, -g = -4*y - 170 + 2. Let d = -1347 - -1369. Suppose 18*q = d*q - g. What is the greatest common factor of q and 15?
15
Let i = -4504 - -4519. Calculate the highest common factor of 258 and i.
3
Let y = 293 - 276. Suppose y*d = 1833 + 1788. What is the highest common factor of d and 71?
71
Suppose 6*n = 30 + 36. Let j be (4 + -6)*(2 + 1). Let f be (2/j)/(1/(-33)). What is the highest common factor of n and f?
11
Let s be (1 + -6)/(3 + -4). Suppose -14*r = -13*r - s, z - 5*r - 162 = 0. Calculate the highest common factor of 68 and z.
17
Suppose -541 = -6*y + 215. Let d = y - 82. Suppose 163 = 3*k - 233. What is the greatest common factor of k and d?
44
Let k(q) = 1661*q - 573. Let s be k(4). Calculate the greatest common factor of s and 52.
13
Suppose 4*c = 7 + 29. Suppose -440*m + 101456 = 26216. Calculate the highest common divisor of m and c.
9
Let f(u) = 15*u - 96. Let i be f(7). Suppose 14*j - 228 = 10*j. Calculate the highest common divisor of j and i.
3
Suppose 5*j - 1307 = -3*n + 1264, -4*j = -2*n + 1692. Calculate the highest common factor of n and 213.
213
Let a = 76 + 4394. What is the greatest common factor of a and 30?
30
Suppose -1108 = 131*j - 191. Let h(b) = 7 + 8 + 16 + b. Let u be h(j). Calculate the greatest common divisor of 60 and u.
12
Let p be (-34335)/(-14) + 125/250. What is the greatest common factor of 77 and p?
11
Suppose 3*r - 7*r + 1452 = 0. Suppose -365 + 1384 + 928 = 59*f. Calculate the greatest common factor of f and r.
33
Let g be 5253/(-1545) + (-17714)/(-10). What is the greatest common factor of 952 and g?
136
Let c = -42537 + 42555. Calculate the highest common factor of 19566 and c.
18
Suppose -36*k + 14*k - 22 = 0. Let q be (-652)/(-3) + k + 5/(-15). What is the greatest common factor of 24 and q?
24
Let p be 1 - (0 - 23) - (-294)/49. Let r = 5 + -3. Suppose 4*m - p = 5*v, 3*m - r*m + 1 = -3*v. Calculate the highest common divisor of m and 45.
5
Suppose -422*r = -420*r - 704. Calculate the highest common factor of r and 396.
44
Suppose 5027 = -21*q + 21911. Calculate the greatest common divisor of 96 and q.
12
Suppose 535*n - 268240 - 29540 = 515*n. Calculate the highest common divisor of n and 21.
21
Suppose 0 = -7*i + 8*i - 3. Suppose -j = -2*t + i*t - 312, -3*t = -j + 304. What is the highest common divisor of 62 and j?
62
Let x = 47 - -21. Let b = x - 40. Let l be 1 + ((-22)/(-4) - (-37)/74). What is the greatest common divisor of b and l?
7
Suppose 11*k = -3*k + 56. Suppose -235 - 197 = -k*d. Calculate the greatest common divisor of d and 36.
36
Let g be 15/(-6) + 0 + (-63)/(-18) + 21. Calculate the greatest common divisor of g and 1441.
11
Suppose 5*s + 7 - 2 = 0. Let g(j) = -342*j**3 - j**2 + 1. Let f be g(s). Suppose 6*i = 8*i - f. Calculate the highest common factor of 19 and i.
19
Let z = 3231 - 3185. What is the greatest common factor of z and 22747?
23
Let j be (-3)/(-8) + 1271/(-4712) + (-193796)/(-38). What is the highest common factor of 20 and j?
20
Suppose 0 = 3*i + 3, 4*i = -0*b - 3*b + 1193. Suppose 23*f = 71*f - 1238 + 230. What is the greatest common divisor of f and b?
21
Let f = -35517 + 35817. What is the greatest common divisor of f and 3?
3
Let q be -1*6/3 + 1 + 10. Let o be 51/5 + (-2)/10. Let x = o - q. What is the greatest common divisor of 5 and x?
1
Let j = -21207 - -44892. Calculate the greatest common divisor of j and 15.
15
Let p be 20*57/18 + 4/6. Calculate the greatest common factor of p and 288.
32
Let z = 5585 + -828. What is the highest common factor of z and 213?
71
Suppose 3*m + 0 - 1 = -4*z, 0 = -2*z + 5*m - 19. Let c(s) = 15*s**2 - 10*s + 1. Let u be c(z). What is the highest common factor of u and 54?
27
Suppose -13*q = -8*q - 1620. Suppose -4*a + 6*x + q = 2*x, -5*a + 3*x + 403 = 0. What is the highest common factor of a and 5?
5
Suppose 22*n - 26290 = -11*n - 2035. Calculate the greatest common factor of 30 and n.
15
Suppose -2*n = 2*z - 120, -86*n + 8 = -87*n. Calculate the highest common factor of z and 25364.
68
Let f = 43 - 87. Let z = f - -80. Let a be (-8)/(-13 - -6 - (-3 - 2)). What is the greatest common factor of a and z?
4
Let j be (-122)/(-10) - 1/5. Suppose j*y = -92 + 476. Calculate the greatest common factor of 28 and y.
4
Suppose h - 8 = 2*o, -3*h = 4*o - 5 + 31. Let x be ((-2)/o*-6)/(10/(-50)). Calculate the greatest common factor of 64 and x.
4
Let z(b) = -b**2 - 3*b + 11. Let i be z(-10). Let a = 85 + i. Let o be (-1*1)/((-7)/182*1). Calculate the greatest common factor of o and a.
26
Let u be (312/36)/(3/387). What is the greatest common divisor of 26 and u?
26
Let r = -9 + 42. Let y be (4/(-3))/(16 - 14)*-3. Suppose 5*u - 35 = -4*w, y*u - 4*w + 11 = -u. Calculate the highest common divisor of u and r.
3
Let w(h) be the third derivative of -13*h**4/8 + 149*h**3/6 - 182*h**2. Let a be w(3). Calculate the highest common divisor of a and 72.
8
Suppose 61*i + 11 = 72*i. Let u be -3 + 72 + (4 - i). Suppose -5*l - 5*m = -25, -3*l + 8 = 2*m - 11. Calculate the greatest common factor of l and u.
9
Suppose 0 = 2*a - 8*a + 18. Let b be (6/9)/(a - 699/234). What is the greatest common factor of 8 and b?
4
Let s be -2 + -19*-1*2. Suppose -d = 5*p - 0*p - s, d - 12 = p. Suppose 8*q = 4*q + 18*q + 477 - 1373. What is the greatest common factor of d and q?
16
Let b = 3727 - 2385. What is the highest common divisor of 55 and b?
11
Suppose 0 = -a + 5*n - 156, 5*a + 872 = n + n. Let q be (-3 + a/(-55))/(1/65). What is the greatest common divisor of 4 and q?
1
Let c = -9 + 21. Suppose 4*s + 12 = -c. Let m be 6/s + 2/1. What is the highest common factor of 11 and m?
1
Let c be 17*((10 + 1)/(-11) + 8). Let m = -121 - -202. Suppose -5*z + 4*t + m = 2*t, -5*z + 89 = 2*t. What is the greatest common factor of c and z?
17
Suppose 0 = 2*o - 20 + 20. Let v be (-2 - (-6)/2) + (o - -3). What is the greatest common factor of 2 and v?
2
Let a(j) = j**2 - 67*j + 366. Let f be a(5). What is the highest common divisor of 812 and f?
28
Let z be ((-20)/(-6) + (-28)/42)/((-1)/(-30)). Calculate the highest common divisor of z and 8720.
80
Suppose 0 = 4*b - 5*b, 3*l - 2*b - 53 = 142. Calculate the greatest common divisor of 364 and l.
13
Let z(s) = -s**3 + 3*s**2 + 14*s - 12. Let r be z(5). Let t be r*(-5)/(-40)*4. Suppose 1 = -t*k + 17. What is the highest common divisor of k and 12?
4
Let w be (-1)/(-8) + (-686)/(-16). Suppose -w*v - 96 = -46*v. What is the greatest common divisor of 512 and v?
32
Let k(y) = -6*y + 2. Let u be k(-2). Let l(t) = -779*t + 10910. Let o be l(14). What is the highest common factor of o and u?
2
Let z(y) = y - 5. Let v be z(7). Let k be (-2)/(-2) + 4 + 12/(-6). Suppose -1 = k*s - 19. What is the greatest common factor of s and v?
2
Suppose -8*d - 695 = -887. Let r = -74 - -247. Suppose -r = -n - 5*w, -4*n + 310 = 2*w - 364. What is the greatest common divisor of n and d?
24
Let a(n) = n**3 - 11*n**2 - 15*n - 9. Let b be a(12). Let k = b - -45. Suppose k = 2*o + 62 - 92. Calculate the greatest common divisor of 30 and o.
15
Suppose c = -1 + 3. Suppose -c*f + 0 + 10 = 0. Let h be 1/(20/24 - 2/6). What is the greatest common divisor of h and f?
1
Suppose -30 = -10*i + 8*i. Let h(c) = -c**2 - 26 + 23 - 11*c - 17. Let a be h(-6). What is the greatest common factor of a and i?
5
Let j be 45/36*34*8. Calculate the greatest common factor of 1530 and j.
170
Let p be (16 - 12 - 3)/(-2)*-4. Let c be 13*(1 + 0/1). What is the highest common divisor of c and p?
1
Let n be (-36)/16 - (-1 - 14/(-8)). Let p be ((-12)/(-5))/2*(-20)/n. Suppose 5*l + 9*v - 60 = 4*v, 2*l = 4*v. Calculate the greatest common divisor of l and p.
8
Let d be (-21)/(-2) + (-13)/26. Suppose 0 = -2*z + 46 - d. Suppose 111 = -10*o + 351. What is the highest common divisor of z and o?
6
Suppose -12*o - 639 + 39 = 0. Let v = 26 - o. What is the greatest common divisor of v and 228?
76
Let g be (5 + 0)/((-9588)/1920 - -5). Suppose -5*f - 220 = -4*v, -4*v + 234 = v + 4*f. What is the greatest common factor of g and v?
50
Let f = -3468 - -3472. Calculate the highest common factor of 1492 and f.
4
Let n = 5694 - 5268. What is the highest common divisor of 172